+ 16 = f. What is the units digit of m?
4
Let k(z) = -z**3 - 6*z**2 - 6*z. Let p be (10 - (2 - 2))/((-22)/11). Let u be k(p). Suppose -u*x + 175 - 5 = 0. What is the units digit of x?
4
Suppose -14*x + 16*x - 4 = 0, 3*p - 4*x = -29. What is the hundreds digit of (-3)/p - 138546/(-126)?
1
Suppose 6204 = 206*o - 204*o. Suppose 7*u - o - 5186 = 0. What is the tens digit of u?
8
Suppose -4*z - 5*o + 1 = 0, -5*z = -o - 2 + 8. Let j(f) = -91*f**3 - f**2 + f + 1. What is the tens digit of j(z)?
9
Suppose -3*m + 6 = 0, d - m = -4 + 2. Suppose 2485 = 5*l + 5*h, 3*l + h - 1499 = -d*l. What is the tens digit of l?
0
Let o(n) = n - 2. Let z be o(14). Suppose -16*l - 88 = -z*l. What is the tens digit of (91/2)/((-11)/l)?
9
Let s(o) = -87*o**3 + 2*o**2 + o. Let c = -44 - -42. Let l be s(c). What is the tens digit of l/12*4/6?
3
Let h(p) be the first derivative of 5*p**6/36 + p**5/60 + p**4/8 - p**3 - 3. Let x(w) be the third derivative of h(w). What is the units digit of x(-1)?
1
Suppose 63 = -6*r - 39. Let y(k) = -49*k - 32. What is the hundreds digit of y(r)?
8
Let c(k) = k**2 - 10*k + 10. Let u = 15 - 6. Let b be c(u). What is the units digit of (-57)/19 - (b + -29)?
5
Suppose -g + 5*t = -15 - 13, -2*t - 32 = -3*g. Suppose 13*v - 6175 = g*v. What is the tens digit of v?
3
Let p = 123 - 139. What is the tens digit of -3 - (-67 - p/(-4)) - 3?
6
Let y(r) = 1570*r - 20045. What is the thousands digit of y(39)?
1
Suppose 3*o = -2*h - 168, 2*h + 2*o = -23 - 141. Let n = -2300 + 1010. What is the tens digit of ((-52)/h)/((-4)/n)?
1
Let g = 21980 - 15087. What is the tens digit of g?
9
Suppose -112*k + 124*k - 36 = 0. Suppose 0*d + 4*d + 9908 = 5*v, d + 5942 = k*v. What is the thousands digit of v?
1
Let r(h) be the third derivative of h**4/24 + 5*h**3/3 - 18*h**2. Let f be r(-2). What is the units digit of f/(((-24)/(-9))/4)?
2
Let s = 25059 - 15506. What is the thousands digit of s?
9
What is the tens digit of -5*(-29047)/20 - (-4)/16?
6
Let j(q) = -q**3 + 8*q**2 - 8*q + 8. Let z = -26 - -33. Let d be j(z). Suppose r - 1 = d, 174 = 2*o + 3*r. What is the units digit of o?
4
Let y = -334 + 2726. What is the tens digit of y?
9
Let g(k) = 7*k**3 + 4*k**2 + 374*k + 4. What is the hundreds digit of g(16)?
6
Let z(o) = -o**3 + 72*o**2 - 148*o - 233. What is the thousands digit of z(63)?
6
Let y(l) = 37 + 157*l**2 + 16 - 76*l**2 - 18*l - 77*l**2 + 10*l**3. What is the hundreds digit of y(4)?
6
Let x = -118 - -120. Let c(q) = 53*q**3 - q**2 + q - 1. What is the hundreds digit of c(x)?
4
Suppose 57*l + 24 = -4*u + 61*l, 3*l - 6 = 0. Let g(i) be the third derivative of 3*i**5/20 + 5*i**4/24 + 3*i**3/2 - i**2. What is the units digit of g(u)?
3
Let w = 9828 + 4462. What is the ten thousands digit of w?
1
Let v(b) = -31*b**3 - 8*b**2 - 2*b - 10. What is the hundreds digit of v(-5)?
6
Let o = -12 + 14. Suppose 0 = -3*b - o*b + 10. Suppose -116 = -b*g - v, 3*g + 3*v - 211 + 31 = 0. What is the units digit of g?
6
Let h = -105 - -163. Let o = 12 + h. What is the units digit of o?
0
Let l be ((-26)/(-5))/((-10)/(-25)). Suppose 0 = -5*u - 7 - 3, -2*u = -r + 26. Let d = l + r. What is the tens digit of d?
3
What is the units digit of ((-836)/(-627))/((-4)/30) - -13599?
9
Suppose 8*s + 21*s = -s + 181200. What is the units digit of s?
0
What is the hundreds digit of (2092/(-30))/((-224)/10640) + 2/(-6)?
3
Suppose 4*c - 46780 = y, -3*c + y = -y - 35080. What is the tens digit of c?
9
Let p(w) be the second derivative of -21*w + 3/2*w**2 + 0*w**3 + w**4 + 0. What is the units digit of p(-2)?
1
Suppose 0 = -4*d + p - 2544, 3180 = -5*d - p + 6*p. Let n = -68 - d. What is the tens digit of n?
6
Let p = 16161 + -729. What is the tens digit of p?
3
Let o(t) = -102 + 9*t - 16*t - 12*t - 14*t. What is the units digit of o(-6)?
6
Let k(r) = r**3 - 19*r**2 + 29*r + 44. Let d be k(16). Let h = d + 694. What is the hundreds digit of h?
4
Suppose -3*j = 4*p - 52033, j + 3602 = -3*p + 20953. What is the thousands digit of j?
7
Let n(i) = 22*i**3 - 2*i**2 - 4*i + 8. Let b be (-1)/(-3) + -1 + 70/15. What is the units digit of n(b)?
8
Let q = 147 - 375. What is the tens digit of q/((-126)/(-35) - 4)?
7
Let x(r) = -6*r**3 + 3*r**2 - 183*r - 30. What is the thousands digit of x(-16)?
8
Let k(v) = -90*v - 7. Let y be 143/(-78) + 10/12. What is the tens digit of k(y)?
8
Let d(t) = -t**2 + 29*t - 80. Let i be d(8). Let m = 143 - i. What is the tens digit of m?
5
Let s(u) = u**3 - 18*u**2 - 2*u + 50. Let b be s(18). Suppose 0 = i + 11*d - b*d - 534, 4*i - d = 2158. What is the hundreds digit of i?
5
What is the ten thousands digit of (66870/54)/(10/150)?
1
Let a(g) = 1657*g**2 - 212*g + 874. What is the units digit of a(4)?
8
Let w(v) = -6*v + 4*v + v**3 + v**2 + 3*v. Let s be w(0). Suppose -5*k + 5*i + 185 = 0, -2*i = -4*k - s*k + 150. What is the tens digit of k?
3
Let d = 3944 - -2889. What is the hundreds digit of d?
8
Suppose 0 = -4*x - y + 908, 3*x + 3*y = 6*y + 666. Suppose -3*f = 3*v + 207, -x = 5*v + f + 123. Let d = v + 98. What is the tens digit of d?
2
What is the units digit of (-6)/63*(5 - 4) + 3878464/168?
6
Suppose 371*i = 76*i + 9889580. What is the ten thousands digit of i?
3
Let h = -78 + 36. What is the tens digit of 565 - h/(-7) - -3?
6
Let h(q) = 13176*q + 335. What is the ten thousands digit of h(1)?
1
Let s(c) = -c**3 + 17*c**2 - 9*c + 21. Let o(m) = -m**2 + m + 1. Let i(p) = -6*o(p) - s(p). Let u be i(11). What is the units digit of (1 - 22/u)*333/(-12)?
4
Let k(l) = -16 + 20*l**2 + 3 + 7 + 6*l + 7. Let z be k(-5). Suppose 4*w + z = -2*f + 7*f, -3*w = -4*f + 376. What is the tens digit of f?
9
Let m(l) = -4*l**2 - 4*l + 6. Let h(r) = -4*r**2 - 3*r + 5. Let s(w) = 3*h(w) - 4*m(w). Let y be (-1)/((-1 - -2)/(-2)). What is the units digit of s(y)?
1
Suppose 0 = -5*z + 19*z - 1596. Suppose 6*q = 9*q - z. Let x = q + -6. What is the units digit of x?
2
Suppose 3*m + 784 = -314. Let n be (m/9 - 4)/(2/(-144)). What is the units digit of 2/(-7) - (n/14)/(-6)?
8
Let i = 3470 + 841. What is the hundreds digit of i?
3
Let k be 40/28*(5 - (-3 + 1)). Suppose 3*h + k = -4*y, 0 = 2*y - h + 2*h + 6. What is the hundreds digit of (-6)/9*1158/y?
1
Suppose 5*z + 19 + 30 = -3*x, 4 = -2*z + 4*x. What is the hundreds digit of -12*(8/(-2) - (-236)/z)?
4
Suppose 0 = -3*v + 4*v - 5*j - 4770, 2*v - 7*j = 9537. What is the tens digit of v?
6
What is the units digit of ((-14)/(-30) + (-22)/(-110))/(2/106878)?
6
Let a(b) = 4572*b + 11. What is the units digit of a(1)?
3
Suppose 4*d - 273 = -5*u, -4*d + 2*u - 26 = -292. Let m = 116 - d. Let g = -1 + m. What is the units digit of g?
8
Let a(r) be the third derivative of r**5/12 - 23*r**4/24 + 34*r**3/3 - 10*r**2 - 2. What is the tens digit of a(14)?
2
Suppose -56*y = -37*y - 102*y + 1712290. What is the hundreds digit of y?
6
Suppose 2*m + 0*m - 5831 = 5*r, r + m = -1162. What is the tens digit of r/(-30) + 1/6?
3
Let p = 433 + -1157. What is the hundreds digit of (-7 + 8)/((-1)/p)?
7
Let o(c) = -c**3 - 22*c**2 - 27*c - 24. Let m be 7/(-35)*(-5)/(-2)*-6. Suppose m*i = -21 - 42. What is the units digit of o(i)?
2
Let h = 44 - 42. Suppose -1583 = -5*s + h*p - 4*p, -s - 4*p = -331. What is the tens digit of ((s/10)/3)/((-3)/(-48))?
6
Let y be (-7)/(21/12) - -7. Let w = -37 + y. Let h = w + 36. What is the units digit of h?
2
Let q(s) = 145 + 1755*s - 3535*s + 4*s**2 + 1749*s. What is the hundreds digit of q(9)?
1
What is the units digit of (-1 + -2)*-21544*-10*(-12)/240?
6
Let y be (-2)/(-7) - (-39132)/42*1. Suppose 0 = -5*t + 5*a + 1715, 4*t - 447 = -3*a + y. What is the hundreds digit of t?
3
Let r be (2 + 0 - 1)*0. Suppose 2*g + 968 = 4*y, -24*y - 5*g + 264 = -23*y. Suppose -35*d + 39*d - y = r. What is the tens digit of d?
6
Suppose -34*o + 405991 = 9*f - 29*o, 3*o + 225539 = 5*f. What is the hundreds digit of f?
1
What is the units digit of ((-112)/(-280))/((1/(-2))/(228025/(-14)))?
0
Let a = 2424 - -3303. What is the units digit of a?
7
Suppose 3*t + 84 = -5*w - 37, 3*t = -3*w - 75. What is the units digit of 6 - -1 - (w - 441)?
1
Let m be -7 - ((-30492)/7)/4. Let y = 1803 - m. What is the tens digit of y?
2
Suppose 2*q - 4*k - 6 = -5*k, -2*q = 2*k - 10. What is the tens digit of ((-273)/28)/(((-9)/552)/q)?
9
Let o(q) = -181*q**3 - 21*q - 3*q**2 + 6*q